4554043 - 3?
34554040
In base 6, what is -1235 + 1433331?
1432052
In base 6, what is -11145550 - -55?
-11145451
In base 8, what is -1 - 40605207?
-40605210
In base 3, what is -2202010000020212 + -22?
-2202010000021011
In base 14, what is 1d - 1391b2?
-139193
In base 9, what is -1 + 22146450?
22146448
In base 10, what is 5 - 4159114?
-4159109
In base 3, what is -12 + 12111120202102?
12111120202020
In base 8, what is -7 + 212406353?
212406344
In base 7, what is 1116416062 + -2?
1116416060
In base 15, what is -2b671d + -4?
-2b6722
In base 7, what is 40410302 + -41?
40410231
In base 11, what is -3961033 + 83?
-3960a60
In base 11, what is 2 - 23a3882?
-23a3880
In base 14, what is -1 + 160377?
160376
In base 12, what is 651b06 + -4?
651b02
In base 16, what is d9 - 20373?
-2029a
In base 9, what is -158 - -11381406?
11381237
In base 3, what is -110112022202 - 2011?
-110112101220
In base 15, what is 526062 + 6d?
5260d0
In base 5, what is -4 - 134233020111?
-134233020120
In base 2, what is 1000111100111111001 + -1001101111?
1000111011110001010
In base 15, what is -1003 + -23d1?
-33d4
In base 13, what is 1b576 - -4561?
22b07
In base 15, what is -464bc4d - 4?
-464bc52
In base 11, what is 2395469 + 36?
23954a4
In base 9, what is 7274 - -4108?
12383
In base 15, what is 30cb381 + -4?
30cb37c
In base 10, what is -1298 + -4851?
-6149
In base 6, what is -2350540 + 115?
-2350421
In base 7, what is -2041545402 + 3?
-2041545366
In base 14, what is -b290d4 + 3b?
-b29097
In base 10, what is -66686 + -2883?
-69569
In base 8, what is 0 + 1020650061?
1020650061
In base 2, what is 1 - -10101110111001010111011000?
10101110111001010111011001
In base 8, what is -2307 + 531032?
526523
In base 12, what is 0 - -29a317?
29a317
In base 6, what is 20 + -33022532?
-33022512
In base 10, what is -308 - 19976?
-20284
In base 16, what is 83 + 8f9a80?
8f9b03
In base 12, what is 13 - -1b0226a?
1b02281
In base 14, what is 1742d236b + 4?
1742d2371
In base 15, what is -18d91 + 2c1?
-18ac0
In base 16, what is 10a824 - 27a?
10a5aa
In base 11, what is 4210 - 9922?
-5712
In base 8, what is 3 - 430532?
-430527
In base 16, what is -3 + -335a7a?
-335a7d
In base 7, what is -61351665 + -136?
-61352134
In base 10, what is -1 + 194726?
194725
In base 14, what is 748c97 - -6?
748c9d
In base 16, what is 601c - -b1?
60cd
In base 4, what is -2 - 23001001220213?
-23001001220221
In base 11, what is 9760116 + -1?
9760115
In base 5, what is 204313210121 - -4?
204313210130
In base 15, what is -ddd0 + -c4?
-dea4
In base 4, what is 310 - -221332?
222302
In base 10, what is -2 - 11560086?
-11560088
In base 8, what is -4717113 - 4?
-4717117
In base 2, what is 11000010 - -1110100101010?
1110111101100
In base 15, what is a1010 + 0?
a1010
In base 4, what is 22121022131132 + 0?
22121022131132
In base 4, what is -1201032122123 + 1?
-1201032122122
In base 5, what is -3321 + 3404330?
3401004
In base 2, what is 111001111 + 10111110011110101?
10111111011000100
In base 7, what is -252132 + -3164?
-255326
In base 3, what is 201221101 - -2201112?
211122220
In base 13, what is -7340 + -140?
-7480
In base 13, what is 8 + 1436a2?
1436aa
In base 13, what is 15b24 - -14b0?
17304
In base 16, what is 0 + 4cd8cc?
4cd8cc
In base 13, what is -4bb1b - cc9?
-4cb17
In base 16, what is -22bf6 + -1f?
-22c15
In base 8, what is -45 - -22150472?
22150425
In base 14, what is 13898 - -298b?
16445
In base 9, what is -34673527 + -6?
-34673534
In base 3, what is 1111 - 120100210122002?
-120100210120121
In base 2, what is 1011001011001 - -1101101100?
1100111000101
In base 8, what is 4672742 - 12?
4672730
In base 9, what is 262 + -5866?
-5604
In base 3, what is 21121010202020022 + 1?
21121010202020100
In base 5, what is -1 - -3303401431?
3303401430
In base 12, what is -106582 + -54?
-106616
In base 5, what is 1323143 - 2434?
1320204
In base 8, what is -5 - -576241140?
576241133
In base 11, what is a09555 - -2a?
a09584
In base 8, what is -117022460 + 5?
-117022453
In base 3, what is -11100002 + 20211102?
2111100
In base 9, what is 4 - -220427628?
220427633
In base 11, what is -25a - 698031?
-698290
In base 3, what is -1012021 + -1201220112022?
-1201221201120
In base 10, what is 1598 - -1451?
3049
In base 4, what is 2031213030 + 1223?
2031220313
In base 9, what is -1401 + -4141?
-5542
In base 12, what is 111 - -142a2a?
142b3b
In base 13, what is 77c173 - 3?
77c170
In base 14, what is -2 - 330c2d18?
-330c2d1a
In base 11, what is 5a20576 + 32?
5a205a8
In base 6, what is -202 + -1213245?
-1213451
In base 11, what is 378834 - -47?
378880
In base 14, what is 1262 + 85?
1307
In base 6, what is -1 - 21350513?
-21350514
In base 15, what is -b47 + -64c?
-1294
In base 10, what is 17 - -2917?
2934
In base 3, what is 11 + 11022201122001201?
11022201122001212
In base 9, what is 258 + -37278?
-37020
In base 9, what is 65286 + 733?
66130
In base 2, what is 11011101000011100010 - 110?
11011101000011011100
In base 11, what is 127 - 153492?
-153366
In base 2, what is -10101010010110001 - 11100111111?
-10101101111110000
In base 12, what is 3 + 10137504?
10137507
In base 13, what is -69739104 - -3?
-69739101
In base 16, what is 7 + afe365?
afe36c
In base 16, what is 6 + -1487f1?
-1487eb
In base 2, what is -111000 + 1000101100111001100?
1000101100110010100
In base 16, what is 1635 + 30677?
31cac
In base 7, what is 1423041 - -261?
1423332
In base 12, what is 107021 + 15?
107036
In base 7, what is 6 - -20404160?
20404166
In base 15, what is 1a - 19002?
-18ed7
In base 12, what is -47 + 7b7795?
7b774a
In base 7, what is -4052211 - 122?
-4052333
In base 4, what is 23321 + -20100231?
-20010310
In base 14, what is -8299ad - 47?
-829a16
In base 8, what is 171464 - 20034?
151430
In base 10, what is -27793594 + 4?
-27793590
In base 10, what is -1791694 + 12?
-1791682
In base 3, what is -2102201210 + -1000210?
-2110202120
In base 16, what is -809e + a?
-8094
In base 15, what is -1817 + -15e?
-1976
In base 7, what is 56402454 + 122?
56402606
In base 4, what is 10101 + 103122003?
103132110
In base 10, what is 1045410 + -24?
1045386
In base 7, what is 12335 + -1365446?
-1353111
In base 8, what is -11164437 + -14?
-11164453
In base 7, what is -15031 + -246126?
-264160
In base 3, what is -212022202012112 - 2010?
-212022202021122
In base 11, what is 5 - 71535987?
-71535982
In base 2, what is 10111110110100010111011 - -1100100?
10111110110100100011111
In base 16, what is -11d53 - 4cb?
-1221e
In base 6, what is -3 + 40024505?
40024502
In base 15, what is -3 - ad094b4?
-ad094b7
In base 2, what is -10010 + 10010101001001101?
10010101000111011
In base 10, what is 7079 - 146?
6933
In base 7, what is -13510625 - 12?
-13510640
In base 13, what is -7 + 1356c7?
1356c0
In base 12, what is 142a5253 - 0?
142a5253
In base 14, what is 517 - -25022?
25539
In base 13, what is 5 + 2239c7c?
2239c84
In base 12, what is 1b153b6a - 1?
1b153b69
In base 4, what is -1213133211 - -13102?
-1213120103
In base 12, what is -1200205 - 0?
-1200205
In base 14, what is 18a9 - 4032?
-2567
In base 9, what is 5821526 + 25?
5821552
In base 5, what is 42 + 102130024311?
102130024403
In base 7, what is -14252442 - 120?
-14252562
In base 10, what is -1500 + 495391?
493891
In base 16, what is -13eb065 - -f?
-13eb056
In base 2, what is 11010111010011111 + 1011011110?
11011000101111101
In base 2, what is 110010101101111 - 1101111110?
110000111110001
In base 10, what is -77 - 222430?
-222507
In base 10, what is -13082 + -6523?
-19605
In base 4, what is 13300223323 + 1?
13300223330
In base 12, what is 56 - 11bb?
-1165
In base 6, what is 121545311325 - 4?
121545311321
In base 11, what is -3 + 738a222?
738a21a
In base 9, what is 1 - -3673701?
3673702
In base 6, what is -3 + -422352241?
-422352244
In base 5, what is 1411303014 + 310?
1411303324
In base 9, what is 8 + -3508714?
-3508705
In base 10, what is 1 - -39728754?
39728755
In base 7, what is 354 + -11465030?
-11464343
In base 4, what is 323323032123 + -11?
323323032112
In base 3, what is 120112001011221201 - 1?
120112001011221200
In base 11, what is -289 - 150229?
-150507
In base 8, what is 5 - 2466027?
-2466022
In base 6, what is 12524543 - -2132?
12531115
In base 13, what is 42 + 52349?
5238b
In base 16, what is -45d251 + -3?
-45d254
In base 9, what is 3 + -1485432?
-14854